Suppose 3*r + 0*n = -2*n + 184, -r - 3*n = -y. Calculate the remainder when r is divided by 22.
18
Let l = 50 + -45. Suppose s = -l*h + 16, s - 4*s - 5*h + 18 = 0. Calculate the remainder when 0 + s + (-2 - -92) is divided by 23.
22
Suppose -l - 6*h = 4*l - 11389, -3*l + 2*h = -6839. What is the remainder when l is divided by 12?
11
Suppose 32 = -12*l + 267 + 149. Calculate the remainder when 166 is divided by l.
6
Let i = -6703 - -6914. What is the remainder when 781 is divided by i?
148
Suppose 0 = -4*p - 379*p + 432790. What is the remainder when p is divided by 29?
28
Calculate the remainder when (-61 - -52)/(57/29 + -2) is divided by 93.
75
Let p = -5846 - -5778. Let h = -34 - -112. Let v = p + h. What is the remainder when 27 is divided by v?
7
Let a = -443 - -613. Calculate the remainder when a is divided by -2*(-1)/(-3) + (-1102)/(-114).
8
Suppose 2*k - 9 = 3*k + 4*n, 3*k - 25 = n. Suppose 4*w - 107 = -91. Suppose w*y - k = 3*y. Calculate the remainder when 18 is divided by y.
4
Let a be 6 + (-4 - 5 - -7). Suppose 0 = -r + 5*m + 345, -32*m - 1365 = -a*r - 27*m. Calculate the remainder when r is divided by 38.
36
Suppose 4*y + 681 = -t, 5*y + 2066 = -3*t + 23. Let d = t - -696. What is the remainder when (-915)/(-9) + (-1)/(-3) is divided by d?
12
Let i be (-29)/(2*(-2)/16). Let w = i + -44. Let z = -22902 - -22917. What is the remainder when w is divided by z?
12
Suppose 2*n + j = 83, -2 - 1 = -j. Suppose 94 = 2*s - n. What is the remainder when s is divided by ((-50)/6)/((-15)/45)?
17
Let w = -54 + 76. Suppose 504 - 1570 = -13*t. Calculate the remainder when t/((-9)/((-36)/8)) is divided by w.
19
Let c = 1909 + -1898. Calculate the remainder when 2076 is divided by c.
8
Let p = -648 + 1276. Let a = 648 - p. What is the remainder when a is divided by 11?
9
Suppose 2*s + 33 = 5*l + 2, -5*s = 4*l + 127. Let n(u) = u**2 + 17*u - 119. Suppose 0*b = 2*b - 112. What is the remainder when b is divided by n(s)?
18
Suppose -4*v - 17*a = -18*a - 543, -3*v - 5*a = -413. What is the remainder when 1763 is divided by v?
131
Suppose 8024 = 518*f - 459*f. What is the remainder when f is divided by 51?
34
Suppose -v + 23 + 73 = 5*v. Let d = -24 - -81. Calculate the remainder when d is divided by v.
9
Suppose d - 18 = 5*m, -5*m - 3 = -3*d - 7*m. Suppose -8*u - d = -131. Calculate the remainder when 222 is divided by u.
14
Let c(v) = v**3 - 20*v**2 + 27*v - 46. What is the remainder when 246 is divided by c(19)?
34
Let k be (0/3 + 2)*-20. Let y be 3/((-1)/(k/15)). Let o = y - -23. What is the remainder when 60 is divided by o?
29
Suppose -15*p = -18701 + 4856. Let v = p + -620. Calculate the remainder when v is divided by 17.
14
Let b = 593 - 300. Let x = b - 278. Calculate the remainder when 133 is divided by x.
13
Let s(d) = d**3 - 8*d**2 - 5*d - 8. Let u be s(5). Let n be ((-1)/(-4))/((-3)/(u/3)). Suppose 0 = -4*q + n*q + 8. What is the remainder when q is divided by 2?
0
Suppose -168 = -3*j + 10*b - 5*b, -5*j = -3*b - 312. Calculate the remainder when 5345 is divided by j.
65
Calculate the remainder when 281 is divided by (-24 - -26)/(6/135).
11
Suppose 2*p = -4*g + 2666, 2*p = -6*p + 2*g + 10772. What is the remainder when p is divided by 136?
121
Let g(t) = -5*t**3 + t**2 + t - 1. Let a be g(-1). Suppose 0*q - 3*p + 663 = a*q, -2*q + 328 = -2*p. Calculate the remainder when q is divided by 14.
11
Let p be (170/50 - -4) + (-3)/(-5). Suppose -70 - 18 = -p*h. What is the remainder when 36 is divided by h?
3
Let m = 86 + 1. Suppose -10*r + 83 = -m. Calculate the remainder when 185 is divided by r.
15
Suppose 0 = 27*g + 526 - 2011. Suppose 10*y - g = 5*y + 5*c, 4*y = -c + 19. What is the remainder when 71 is divided by y?
5
Suppose 3*a = 2*a + 12. Suppose a*i - 9*i = 75. Suppose -5*p + h + 224 = i, p - 2*h - 47 = 0. What is the remainder when p is divided by 8?
7
Suppose -2*o - 4 - 50 = 0. Let x = 56 + o. Calculate the remainder when x is divided by -1 + 16 - (-3 + 2).
13
Suppose 6*p = 8 + 10. Suppose -5*f + 205 = 36*f. Calculate the remainder when f is divided by p.
2
Suppose 2*b + 5*s - 11 = 0, 0 = 7*b - 8*b + 4*s - 14. What is the remainder when 114 is divided by b/((-10)/(-15)) + 62?
55
Calculate the remainder when ((-2)/(-4))/((1800/(-71952))/(-75)) is divided by 79.
77
Suppose -z + 35 + 129 = 5*k, 2*k = 8. What is the remainder when 562 is divided by z?
130
Let w(u) = 5*u + 197 - 80 - 4*u. Let o be w(0). Let q = 232 - o. What is the remainder when q is divided by 13?
11
Suppose 15*o - 79*o = -2304. Calculate the remainder when 153 is divided by o.
9
Suppose -n + 41 = -30. Calculate the remainder when (-5)/(-4) + -10*1866/(-240) is divided by n.
8
Let h = 59 - 16. What is the remainder when ((-1)/(-3))/(110/41910) is divided by h?
41
Let x(k) = 7*k**2 + 39*k - 253. What is the remainder when x(-19) is divided by 22?
15
Let h be -1*(3 + 3 + 222). Let u = h + 277. What is the remainder when 291 is divided by u?
46
Suppose -31*m + 28*m + 4*o = 8, 3*m - 3*o + 6 = 0. Suppose 3*x = -4*j - 2, -j + 13 = 3*x - m*j. What is the remainder when 94 is divided by x?
4
Let l(j) = -j**3 + 7*j**2 - 6*j - 5. Let n be l(6). Let o be n/(10/12) - 4. Calculate the remainder when 6 is divided by ((-25)/o)/((-1)/(-2)).
1
Suppose 1652 - 367 = b. What is the remainder when b is divided by 14?
11
Suppose -2406*q + 342363 = -2269*q. Calculate the remainder when q is divided by 1243.
13
Suppose -4438 = -78*x + 554. Suppose -2*c = -5*b + 2*b + 746, -5*c = -10. What is the remainder when b is divided by x?
58
Suppose v + 174 = 2*q, 3*v + 4*q + 430 = -92. Let g = -120 - v. Let j(b) = 2*b**2 - 36*b + 78. What is the remainder when j(20) is divided by g?
50
Suppose 0 = -3*b - a - 56 + 70, 3*b + 3*a = 12. What is the remainder when 60 is divided by b?
0
Let u be (-1)/4 - 1697/(-4). Suppose 0 = -6*p + 191 + 325. Calculate the remainder when p is divided by (-2)/(-6) + u/24.
14
Let g = 28 + -26. Let u(p) = 5*p**2 + 20*p - 14. Calculate the remainder when u(-6) is divided by 1/g - 133/(-14).
6
Let a(m) = 71*m - 21*m + 133*m - 8. What is the remainder when a(1) is divided by 11?
10
Let m(b) = 2*b**2 - 16*b - 12. Let r = -292 + 301. Calculate the remainder when 51 is divided by m(r).
3
Let h = 1349 - 1343. Let k(z) = -z + 26. Calculate the remainder when k(-9) is divided by h.
5
Let c = 189 - 131. What is the remainder when c is divided by ((-868)/(-310))/((1/(-12))/(45/(-72)))?
16
Let r = 598 + -535. Let f = -61 + r. Let m = -20 - -40. Calculate the remainder when m is divided by f.
0
Let z = 27 + -16. Let j = 29 - z. Let a = 461 - 427. Calculate the remainder when a is divided by j.
16
Let r be 3/6 + 1004/8 + -2. Let h = r - 65. What is the remainder when h is divided by 20?
19
Let a(m) = m**3 - 6*m**2 + 7*m. Suppose 0 = -5*z + 5*g + 85, -1036*z + 127 = -1028*z + g. Calculate the remainder when z is divided by a(5).
6
Suppose -13*r = -9*r - 4*a - 548, 4*r - 576 = -3*a. Let u = 79 + r. Calculate the remainder when u is divided by 19.
11
Let b = -388 + 386. Let u(h) = -29*h - 37. Calculate the remainder when 419 is divided by u(b).
20
Let k(b) = -2*b**2 + 97*b - 1055. What is the remainder when 718 is divided by k(22)?
52
Let v(d) = -2*d**3 + 18*d**2 - 17*d + 19. Let b = 2 - -2. Suppose -a + b*a = 96. Calculate the remainder when a is divided by v(8).
10
Suppose -124*q - 23979 + 80859 = 56*q. Calculate the remainder when 25594 is divided by q.
314
Let i = -351 - -516. Let y be ((-9)/2)/(-9)*-2. Calculate the remainder when i is divided by y/(123/126 - 1).
39
Suppose -3*s - 239 = -14. Let v = s - -88. Calculate the remainder when v is divided by 9.
4
Let a = 1234 - 627. Calculate the remainder when a is divided by (11 - (-676)/(-39))*312/(-104).
18
Suppose -536 = -3*y + 139 + 72. What is the remainder when 2243 is divided by y?
2
Let a(l) = -4*l - 34. Let s(d) = 10*d + 68. Let j(b) = 7*a(b) + 3*s(b). What is the remainder when 47 is divided by j(28)?
3
Suppose 2*v + 349 = 3*n, 6 = 6*v - 9*v. What is the remainder when n is divided by 23?
0
Let z = 32854 - 28268. What is the remainder when z is divided by 2289?
8
Calculate the remainder when ((-917)/(-14))/((-1)/(-8) + (-13)/208) is divided by 36.
4
Let f(k) = -2*k**2 - 3*k + 4. Let o be f(-3). Let a = o + 11. Suppose 3*z = 10 - 1. C